ommon factor of 20 and p.
10
Let v = -57 + 63. Calculate the highest common factor of v and 4.
2
Let t(f) = 3 + f + 12*f - 2*f. Let d be t(3). What is the greatest common divisor of 4 and d?
4
Suppose 24*z - 225 - 111 = 0. Let w(m) = -34*m + 1. Let f be w(-1). What is the greatest common divisor of z and f?
7
Let v be (-24)/(-14) + 2/7. Suppose -3*g - g + 184 = 0. Let j = g + v. What is the highest common factor of j and 6?
6
Suppose 183*h - 145 = 178*h. Calculate the highest common divisor of h and 377.
29
Let w = -428 - -304. Let u be w/(-12) - (-2)/3. Suppose 0*i + i - u = 0. Calculate the highest common divisor of 11 and i.
11
Let i be 3/(-1) - -54*1. Let m = i + -30. What is the highest common factor of 3 and m?
3
Suppose j - 2 + 106 = 0. Let q = 96 - -83. Let b = j + q. What is the highest common factor of 15 and b?
15
Suppose -2 = -2*l + 190. Suppose -4*k + 2*k + l = 0. Calculate the highest common divisor of k and 120.
24
Let w(d) = d. Let r be w(4). Suppose 5*g - 135 = -c, -r*c - c - 3*g + 565 = 0. Calculate the highest common divisor of c and 10.
10
Suppose -h = -0*h + 4*b - 86, b + 271 = 3*h. Suppose 0 = 2*f + 3*f. Suppose -2*y + 5 + 15 = f. What is the greatest common divisor of y and h?
10
Suppose 2*w = -4*i + 64 - 12, 5*i - w = 65. Calculate the greatest common factor of 117 and i.
13
Suppose 5*d + 23 - 573 = 0. Suppose 28*m = 10*m + 180. Calculate the highest common factor of d and m.
10
Let w be (0/(-1))/((-1)/1). Suppose 3*g - 271 = -g - 3*l, -2*g + 3*l + 113 = w. Suppose -5*o = -42 - 38. What is the highest common divisor of o and g?
16
Let z(q) = 5*q**2 - 8*q + 2. Let m(r) = r**2. Let i(c) = 4*m(c) - z(c). Let g be i(7). Calculate the highest common factor of g and 5.
5
Let v be 19 + -2 + 0 + 3. Suppose 0*j + v = j. What is the greatest common divisor of j and 5?
5
Let g = 5 - -65. Suppose -i = -2*i + g. What is the highest common divisor of 10 and i?
10
Let w(d) = -10*d - 13. Let f be w(-4). What is the highest common divisor of 9 and f?
9
Let o(w) = -w**2 - 11*w - 29. Let t be o(-5). Calculate the highest common divisor of t and 16.
1
Let c be 1354/10 + 6/(-15). Suppose 4*y - 357 = -2*f + 113, -y - 4*f = -c. Let w be (-2)/(-1) + (y - 0). Calculate the greatest common factor of 13 and w.
13
Let s(h) be the first derivative of 3*h**2 + h - 2. Let p(k) = 5*k. Let x(f) = 2*p(f) - 3*s(f). Let t be x(-6). Calculate the highest common factor of 30 and t.
15
Let i = 1 + -1. Suppose i = -2*c - 3 + 27. Calculate the highest common divisor of 12 and c.
12
Let m be ((-2)/8)/(2/(-40)). Calculate the highest common divisor of 35 and m.
5
Suppose t = -2*t - 12. Let f = 10 + t. Suppose f*n - 120 = -j + 2*n, 0 = 2*n - 4. Calculate the greatest common factor of j and 16.
16
Suppose -5*d = -0*d - 15. Suppose -92 = 2*k + d*z - 229, 206 = 3*k + 4*z. What is the greatest common factor of 10 and k?
10
Suppose 3*r = -5*g + 31, -2*g + 4 = -0*g - 3*r. Suppose 0 = 2*t - g + 23. Let a be t*-4*(-3)/(-9). What is the highest common factor of 108 and a?
12
Let a be 14 + -1 + 0 + 2. Suppose 3*p - 5*x - 34 = 0, -3*p + 4 = 4*x - 3*x. Suppose 0 = p*m - 2*m - 120. Calculate the greatest common divisor of m and a.
15
Let m be -2*(-16)/12*6. Calculate the greatest common factor of 112 and m.
16
Suppose 2*s = 5*s + 2*a - 320, -4*a = -5*s + 548. Let j = 243 - s. Calculate the highest common factor of j and 54.
27
Let k be (-2)/(-3) + 208/12. Calculate the greatest common factor of 144 and k.
18
Let o(r) = 0*r + 0*r - 4*r - 4. Suppose -j - 3*i = -2, 2*i + 2 = -2*j - 2. Let d be o(j). What is the greatest common divisor of d and 12?
12
Suppose -4*g + 137 = -135. What is the highest common factor of g and 748?
68
Suppose 2 = 3*m - 22. Suppose 3*u + 360 = m*u. What is the highest common factor of 9 and u?
9
Let a be (-2 - -6)*(-98)/(-4). Suppose 0 = 4*i - g - 94, 4*i = 4*g + 2 + a. What is the highest common factor of 138 and i?
23
Suppose a = -4*a + 110. Let y(t) = 7*t + 4. Let k be y(-9). Let l = -4 - k. What is the highest common divisor of l and a?
11
Let l(y) = 292*y. Let z be l(2). Suppose 0 = -5*m - z - 296. Let q be (-2)/3 - m/12. What is the greatest common divisor of 7 and q?
7
Suppose -4*k + 2*c = -24, k - 9 = 6*c - 7*c. What is the highest common divisor of 168 and k?
7
Let o be (616/22)/(1 - (0 + -1)). Let s = 535 + -371. Suppose -3*h + s + 172 = 0. Calculate the greatest common divisor of o and h.
14
Let v be (16/(-4) - 2) + 3 - -38. Calculate the greatest common divisor of v and 35.
35
Let h(x) = -x + 1. Let p be h(-6). Let l be 10/5 - 4 - -58. What is the highest common factor of l and p?
7
Suppose 5*y - 653 = -3*s, -5*s + 509 = y - 572. What is the highest common factor of 27 and s?
27
Let g(n) = 4*n + 4. Let t = 21 + -14. Let f be g(t). What is the highest common factor of f and 80?
16
Let f(t) = 2*t**2 - 8*t + 4. Let r be f(7). Let n be r/(-4)*1*-2. Let v be (-1 + 561/9)*3. What is the highest common factor of v and n?
23
Suppose -o - 3*o + 3480 = 0. Let a be ((-6)/(-4))/(45/o). What is the highest common divisor of 29 and a?
29
Let g(j) = j**3 + 13*j**2 - j - 2. Let z be g(-6). Suppose 2*s - z = -s - 4*c, 3*s + c = 262. Calculate the greatest common factor of 11 and s.
11
Suppose 0 = -3*a + 12*a - 351. Calculate the highest common divisor of a and 13.
13
Let o be (2 - (-15)/(-6))*-18. Let f = -7 + o. Let g = 17 + 5. What is the highest common divisor of g and f?
2
Suppose -5*z = -3*q - 30, 3*z + 23 = 4*z - 4*q. Suppose -s + 9 = -z. Let c be (3 - 0) + (s - -2). What is the greatest common factor of c and 85?
17
Let y = -73 + 285. Let c be y/20 - 2/(-5). Let p = 91 - -30. What is the greatest common factor of p and c?
11
Suppose 5*u - 3*u = -4, -4*o + 5*u + 10 = 0. Let a be -6*(o - 16/6). What is the highest common divisor of a and 2?
2
Suppose -75 = -11*h + 6*h. Calculate the greatest common factor of 15 and h.
15
Let l(h) = -5*h. Let o be l(-1). Let q(p) = -p**3 + 6*p**2 - 5*p - 1. Let u be q(o). Let j be (-2 + u)/(2/(-4)). What is the greatest common factor of 18 and j?
6
Let s be (3/3)/(3/126). Let t = 25 - 11. What is the greatest common factor of s and t?
14
Suppose 5*u = 2*u + 60. What is the highest common factor of u and 4?
4
Let x be ((-208)/(-14) - 2)*7. Let b = -50 - -86. Calculate the highest common factor of x and b.
18
Let n = -415 + 439. Let y be (8/(-10))/(2/(-20)). Calculate the greatest common factor of n and y.
8
Suppose -6*f - 30 = -9*f. Calculate the highest common divisor of f and 25.
5
Let k be 456/20 + -7 + 2/10. Calculate the greatest common divisor of k and 80.
16
Let x be 2*(3 - 20/(-4)). Calculate the highest common factor of 32 and x.
16
Let z be (-4)/14 - (-506)/7. Let f be (-171)/(-7) - 15/35. Calculate the highest common factor of f and z.
24
Let g(m) = m**2 - 10*m + 28. Let k be g(8). What is the greatest common factor of k and 24?
12
Suppose 0 = -4*a + 4 + 20. Suppose 0*x + 3 = -3*o + 4*x, 4*o + 5*x = -4. Let w be 7 - (o - 0 - 1). What is the greatest common divisor of a and w?
3
Suppose -5*b + 2*b = -273. Let n be b/((0 + -3)/(-3)). Let i = -7 - -20. What is the greatest common divisor of i and n?
13
Suppose 0 = 8*r - 3*r + 2*j - 263, 4*r - j - 213 = 0. Calculate the highest common divisor of r and 583.
53
Suppose 3 = -3*o - 5*b, 3*o = 2*b + 2*b + 24. Suppose -i - o*i = -5. Calculate the greatest common divisor of 11 and i.
1
Let p(r) = r + 6. Let y be p(-3). Suppose -5*q + 2*g + 8 = y, 2 = 2*q - 2*g. Let z be (1 - q) + (-16)/(-1). Calculate the greatest common factor of 4 and z.
4
Suppose 5*k - 21 = 4*a - 10, 0 = 2*k - a - 5. Let t(i) = -3 - i + i**2 + 3*i - 3*i. Let b be t(-5). What is the highest common factor of b and k?
3
Let a be (110/8)/(3/12). Suppose -q - 4*t - 15 = 0, -2*q = -0*q - 5*t - 35. Calculate the highest common divisor of a and q.
5
Let g be (-10)/65 + 386/(-26). Let p = g - -36. Calculate the greatest common divisor of 63 and p.
21
Let n(w) = -w**2 + 16*w + 25. Let d be n(17). What is the highest common divisor of d and 16?
8
Suppose h - 7 = 8. What is the highest common factor of 135 and h?
15
Let l(w) = 2*w**2 + 1. Let p be l(1). Suppose 45 = p*j - 2*j. What is the highest common factor of 5 and j?
5
Suppose -2*d - 6*y + 2*y + 30 = 0, -3*y = -d + 15. Suppose 0 = m - 0 - d. Suppose 4*w -